w**3 - 907 + 10*w + 2*w**2 - w**2 - 16*w**3. Let y(s) = 5*a(s) - p(s). Is y(0) a composite number?
False
Suppose -1 = -l - 4*i + 2, 0 = 4*l + 2*i - 12. Let z = 1 + l. Suppose -z*f + 9*f = 185. Is f a prime number?
True
Let z = 3762 + -5622. Let y = -941 - z. Is y a prime number?
True
Let d = -318 + -237. Let m(o) = 5*o**3 - 7*o**2 - 10*o. Let v be m(-4). Let t = v - d. Is t composite?
False
Let j be 3/(-7) + 2038/(-7)*-3. Suppose -u - 3*u = f - 3511, -5*f = u - j. Is u a composite number?
True
Let u(k) = k**2 + 2*k - 6. Let c be u(-4). Suppose c*n + 3*n - 4395 = 0. Is n prime?
False
Let u(j) = 6*j**3 - 3*j**2 - 8*j + 13. Is u(4) composite?
False
Suppose -3*y - 4*d = -16, 0 = -0*y - 2*y + 2*d - 8. Suppose y*n = 4*n - 952. Let m = n - -229. Is m a composite number?
False
Let n(l) = -l**2 + l - 1. Let b(z) = -9*z**3 - 6*z**2 + 4*z - 9. Let a(i) = b(i) - 5*n(i). Is a(-3) composite?
False
Suppose 14 = -5*c + 4*g + 2, 0 = -g - 2. Let q = c - 6. Is ((-12)/q)/(36/7110) prime?
False
Let f be (-3 + 2)/(3/(-6)). Suppose 3*y + 1 = 2*y - 3*z, -y = 2*z - 2. Suppose 3*x - 198 = -4*m + 1082, y = -f*x. Is m prime?
False
Suppose -b = -o - 14431, 0*b = -2*b - o + 28856. Is b prime?
False
Let k = -587 - -1405. Suppose -2*t - k = 4*b, -1 + 0 = -b. Let c = t - -890. Is c a composite number?
False
Let t = -24 - -14. Let v be (10/(-4))/(5/t). Suppose -261 = -8*b + v*b. Is b a composite number?
True
Let z(m) = 2*m**3 - 8*m**2 + 5*m - 6. Let r(f) = f - 4. Let h be r(-8). Let q = -5 - h. Is z(q) a prime number?
False
Let v be (-1049)/(-1)*-3*(-1)/3. Suppose 4*l = 3*l + v. Is l a prime number?
True
Let s = 27 + -28. Let f be (-26)/4*s*48. Let m = 571 - f. Is m a prime number?
False
Let g(n) = -n**2 + 7*n + 27. Let u be g(0). Let x = 709 - 168. Suppose -u + x = 2*a. Is a a prime number?
True
Let u be (5/(-40) + 0)*-8. Let y(o) = 1043*o**3 + 3*o**2 - o - 2. Is y(u) composite?
True
Suppose -l - 200 = 4*h - 9032, -11031 = -5*h + l. Is h composite?
False
Let g be (-119)/(-85) - (-3)/5. Suppose 0*n - 6 = g*n, -1655 = -2*o - n. Is o composite?
False
Let d = -1687 + 3462. Suppose -3*g + 8*g - d = 0. Is g a composite number?
True
Let d(k) = 29*k**2 - 5*k + 1. Suppose 6*w + 19 = 43. Is d(w) composite?
True
Let g = -780 - -1453. Is g a prime number?
True
Let b(t) be the third derivative of 0 + 1/6*t**3 + 1/6*t**4 + 0*t - t**2 + 2/15*t**5. Is b(3) prime?
False
Let t be ((-668)/12)/((-2)/12*2). Suppose -a + 46 = -t. Is a a composite number?
True
Let y = -55278 - -89204. Is y composite?
True
Let p(b) = -2*b**3 + 2*b**2 + 3*b + 2. Let n be p(-1). Is 4 - (-869 + (n - 7)) a prime number?
True
Let v = -1 - -9. Suppose -5*z + 4*z = -v. Let j = 27 - z. Is j a composite number?
False
Let w(n) = n**2 + 4*n + 1201. Is w(0) a prime number?
True
Let h = 6157 + 13906. Is h a prime number?
True
Suppose 5*d - 3050 = -3*m + 3011, -4*m = -d - 8066. Is m a prime number?
True
Suppose -12336 = 6*g - 12*g. Suppose -13*r = g - 7542. Is r a prime number?
False
Suppose 0 = -4*x + 2*m + 4, 0 = -5*x + 4*m - m + 6. Suppose 2*f + 0*f - 610 = x. Is f composite?
True
Suppose 0 = q + q + 2, 0 = -3*r - 5*q + 343. Suppose -9 + 28 = -z. Let i = r + z. Is i prime?
True
Let d(h) be the second derivative of 6*h + 4/3*h**4 + 0 - 1/2*h**2 + 1/3*h**3. Is d(2) a composite number?
False
Let j(s) = -48*s + 30903. Is j(0) prime?
False
Let b = -76 + 77. Is -439*b*(0 - 2) a composite number?
True
Let u be 1/(-2) + 143/22. Let r be (-1766)/u + (-12)/(-9). Let y = 78 - r. Is y composite?
True
Suppose 28 = -j - 4*p, -2*j - 3*p - 4 - 47 = 0. Let y = -19 - j. Suppose 235 = y*s - 400. Is s composite?
False
Let d(k) = 32*k**2 - 18*k - 1. Suppose 8*q - 20 = 13*q. Is d(q) a composite number?
True
Suppose -5*n = 4*n - 268479. Is n prime?
False
Let v be ((-10)/15)/((-4)/18). Let q(t) = -t**3 - 15*t**2 - 15*t - 10. Let i be q(-14). Suppose u - v*u + 373 = 3*d, -2*u = i*d - 374. Is u a prime number?
False
Let k = -13468 - -23501. Is k prime?
False
Let a(l) = -87*l - 5. Let j(z) = 88*z + 6. Let p(m) = -m**3 + 7*m**2 - 6*m + 4. Let q be p(6). Let w(b) = q*a(b) + 5*j(b). Is w(9) prime?
False
Let x(k) = 29*k - 5. Let d be x(-6). Suppose -6 = 2*n, 0*n - 252 = 3*j + 2*n. Let b = j - d. Is b a composite number?
False
Let x be (0 - -1)/(2/6). Suppose 0 = -5*w - 20, -2*i + x*w = 2*w - 46. Is i composite?
True
Let y(f) = -f**2 - 8*f - 15. Let a be y(-5). Suppose -2*i = -7*i + 1580. Suppose a*z = 4*z - i. Is z a composite number?
False
Suppose 10*r - 1864 = 1026. Is r a prime number?
False
Suppose -5*v + 6 = -4, -3*k + v = -118. Is ((-1509)/(-12))/(10/k) prime?
True
Suppose f + 4*f + 5 = 0. Let t(b) = 15 - 331*b + 17 - 32. Is t(f) a composite number?
False
Let q = -26 + 12. Let m = q - -19. Suppose -m*d - 3*k + 32 = 0, 4*d - 5*k = -k + 32. Is d prime?
True
Let p be (523/3)/(12/(-180)). Let c = -321 - p. Suppose -4*a + 2291 = a + 2*y, 0 = -5*a - 3*y + c. Is a a prime number?
True
Let y = 68 + -62. Suppose -2*m + 4*o = -12894, 3*m - o - 19352 = -y*o. Is m a prime number?
True
Is 15/(-10)*(-10078)/3 a composite number?
False
Suppose 6*j + 815 = 20837. Is j prime?
False
Is ((-2)/(-4))/((-85)/(-1177590)) composite?
True
Let l(w) = 7*w**3 - 8*w**2 - 3*w + 2. Let z be l(8). Let y = -1797 + z. Is y a composite number?
True
Let q be -25*(-1)/(20/464). Suppose -6*k + q = -2*k. Suppose 3*g - 91 = -4*t, -2*g - 5*t = 3*g - k. Is g prime?
False
Is (0 - -593) + 0/1 a prime number?
True
Is 2797*(-2 + (9 - 6)) a composite number?
False
Let q = -2359 - -1649. Let c = -499 - q. Is c a composite number?
False
Let a be 16/32 + 1/(-2). Suppose 0 = -a*t - 3*t + 615. Is t composite?
True
Suppose -14*d + 41778 = 4*d. Is d a composite number?
True
Is (414/27)/(3/99*2) a composite number?
True
Suppose 0 = 5*d + 2*z - 391, -5*z + 21 = 4*d - 285. Is d a composite number?
False
Let w be 7/4 + 11/44. Suppose -4813 = -4*d + 5*q, -6110 = -4*d + w*q - 1288. Is d composite?
True
Let h(s) be the third derivative of 5*s**5/3 - s**4/6 - 5*s**3/6 + 10*s**2. Suppose -15 = 4*k - 3. Is h(k) composite?
False
Suppose -3*a + 25 = -3*k - 14, a - 25 = -5*k. Suppose -3 = 3*z - a. Suppose -24 = -4*w - 3*h + 210, w - z*h - 49 = 0. Is w a prime number?
False
Suppose -93*m + 96*m = 48882. Is m composite?
True
Suppose 117 + 187 = z. Let g be (15/(-12))/(-3*4/(-2064)). Let u = g + z. Is u prime?
True
Let f be 0 + (1 - 1) - 2. Is -3 - 2 - (-770 - f) a prime number?
False
Let h(a) be the first derivative of 15*a**4/2 - 2*a**3 - 5*a - 1. Is h(5) composite?
True
Let x(z) = -z**2 - 5*z + 16. Let h be x(-7). Suppose h*i - 186 = -28. Is i composite?
False
Suppose -2*r = 4*u + r + 7, -3*u = -3*r + 21. Is -1*(-617 + u + 8) a prime number?
True
Suppose 576 = -3*y + 39. Let o = -483 - -155. Let k = y - o. Is k prime?
True
Suppose -288474 = -9*s + 33699. Is s prime?
True
Let c = -5852 - -14983. Is c composite?
True
Let a = 13401 - 7479. Suppose 2956 = r - 2*b + 5*b, 0 = 2*r - 4*b - a. Is r a prime number?
False
Let f = -8393 - -15388. Is f a prime number?
False
Suppose 0 = 11*f - 8*f + 2*w - 7441, 4*f = 4*w + 9908. Is f composite?
True
Suppose 4778 = 2*m - 4*u, -4*m - 4*u + 2*u = -9586. Is m a composite number?
True
Let t(f) = 15*f**2 - 50 - f**3 - 38 - 3*f + 79. Is t(14) composite?
True
Let z = -15506 + 22539. Is z a composite number?
True
Suppose 10*f + 0*f = -400. Let v = 219 + f. Is v a prime number?
True
Suppose r + 3*r - 16 = 0. Suppose -5*s - 2*q + 3927 = 2*q, -r*s + 3120 = -4*q. Let u = -428 + s. Is u a prime number?
False
Let y = -23 + 35. Suppose -4*v + 16 = 4*a, 3*v + 1 = -2*a + y. Suppose z - 2*z + 5*p = -231, -v*p - 1067 = -5*z. Is z prime?
True
Let r(z) = -3543*z - 12. Let f be r(-6). Suppose -5*j + f = -4*q + 3*q, 4248 = j + q. Is j a composite number?
True
Suppose 0 = -3*s + 29 + 895. Suppose -5*o + 943 - s = 0. Suppose 0 = 2*y - y - o. Is y a prime number?
True
Let k(z) = -490*z + 1087. Is k(-63) a composite number?
False
Suppose 2*t + 9*d - 17050 = 5*d, 0 = 2*t - d - 17040. Is t a composite number?
False
Is (13/(-26))/(2/(-40332)) prime?
False
Suppose -4771*u + 4777*u - 25134 = 0. Is u a composite number?
True
Let n(g) be the second derivative of 47*g**3/3 + g**2/2 - 5*g. Is n(1) a composite number?
True
Suppose 0 = 8*k - 7*k - 721. Is k a prime number?
False
Let d(k) = 481*k**2 - 4 - 23*k - 47